 = o, 3*b + 0*b = 5*c - 107. What is the highest common factor of 22 and c?
22
Let k = 605 - 525. Calculate the greatest common factor of 140 and k.
20
Suppose 53*u = 58*u - 5*n - 2605, -3*u - 5*n = -1555. What is the highest common factor of 832 and u?
104
Suppose -19*w - 31*w + 3525 = -3*w. What is the greatest common divisor of w and 2125?
25
Let k(n) = 172*n - 31. Let t be k(1). Let a be 8 + (-656)/80 + t/5. What is the highest common factor of a and 196?
28
Let u = 2993 + -1285. What is the highest common divisor of 84 and u?
28
Let h = -113 - -117. Suppose -h*k - 1 = -9, -2*l + 22 = -k. Calculate the highest common divisor of l and 32.
4
Suppose 2*g = -0 + 4. Let c be 256/1152 - (-70)/9. Let p(n) = -n**2 - n + 79. Let k be p(c). What is the greatest common divisor of k and g?
1
Suppose 24 = -10*p + 74. Suppose -3*u - 114 = 2*m, 2*m = 3*m + p*u + 43. Let d = m + 64. Calculate the highest common divisor of d and 11.
1
Suppose 75*n - 72*n - 1524 = 0. Calculate the highest common divisor of 20 and n.
4
Let t = -213 - -303. Let v = -34 + 33. Let k = 11 + v. What is the highest common divisor of t and k?
10
Suppose -2*f + 547 = 8*p - 9*p, 2*p - 562 = -2*f. What is the greatest common divisor of f and 1863?
69
Let y be (23 - 33)/(3/6). Let k be (6715/y)/(4/(-16)). Calculate the highest common factor of k and 17.
17
Suppose -3*p - 1997 = 5*a - 2250, -a = 4. Calculate the highest common factor of 8827 and p.
91
Suppose -2162*q + 2200*q = 8340 - 1500. Suppose r + 0*r - 45 = 0. What is the greatest common divisor of r and q?
45
Let k be (744/(-48) - -15)/((-2)/1092). Calculate the greatest common factor of 455 and k.
91
Suppose n + p - 3609 = 0, -8*p + 13*p = 4*n - 14481. Calculate the greatest common factor of n and 52.
26
Suppose 2*o + 4*v - 24 = -0*v, -33 = -3*o - 5*v. Let y = 5042 + -4964. What is the greatest common factor of o and y?
6
Suppose 580270 = 43*r + 121460. Calculate the greatest common factor of 330 and r.
110
Suppose 360 = -4*u + 4*m, -m = u + 30 + 70. Let l = u + 290. What is the highest common factor of 325 and l?
65
Suppose -20*r + 330 + 10 = 0. Let x = 719 - 328. What is the highest common divisor of r and x?
17
Suppose -5*b = 4*z - 2139, -1402 = -5*z - 2*b + 1276. Suppose -88 - z = -3*j. Calculate the highest common factor of j and 32.
16
Suppose -5 = -3*p + 1. Suppose 4*v - 56 = p*m, m = -5*v - 0 + 7. Let r be 29/2 - m/12. What is the greatest common factor of 112 and r?
16
Let p = 16148 - 16143. Calculate the highest common divisor of 975 and p.
5
Suppose -747 = -2*x + v - 238, 0 = -4*x - 3*v + 1033. Let i = 79 + -47. What is the greatest common factor of x and i?
32
Let q be (-1)/(-4) + 39/4. Let a = -14890 + 15060. What is the highest common factor of q and a?
10
Suppose 0 = 85*y - 5571 - 4374. What is the highest common divisor of y and 143?
13
Suppose 181645 - 137549 = 317*q - 266247. What is the greatest common factor of q and 407?
11
Let n(u) = -u**3 - 24*u**2 + 52. Let z be n(-24). Let l be ((-195)/(-12))/(2/8). Calculate the highest common factor of z and l.
13
Suppose 2*j - 793 - 132 = -5*m, 3*j = -4*m + 733. Calculate the highest common factor of 539 and m.
11
Let h(r) = -4*r**2 - 13*r - 7. Let u be h(-6). Let j = u - -97. Let k be ((-2)/1)/((-1)/16). What is the greatest common divisor of k and j?
8
Let x be (24/(-10))/(-7*(-126)/(-117600)). Let h be (-118)/(-6) + 3/9. What is the highest common divisor of h and x?
20
Suppose 3*b = -5*t - 0*t + 463, 4*b = 4*t + 628. Suppose -114 = -15*g + b. What is the greatest common factor of 18 and g?
18
Suppose -m + 3 = 0, 2*m - 1869 = 65*n - 68*n. What is the highest common factor of 45 and n?
9
Suppose 166 - 46 = 5*f. Suppose 28*l - 8 = f*l. Suppose -i + 523 - 92 = -l*j, 3*j = -12. Calculate the highest common factor of 47 and i.
47
Suppose -3*w - 30 = -9*w. Let m(q) = -q**2 - 9*q + 12. Let n be m(-10). Suppose 6*h = n*h + 160. Calculate the greatest common factor of w and h.
5
Let p(v) = -5*v + v + 72 + 2*v - 4*v. Let b be p(10). Calculate the greatest common divisor of b and 30.
6
Let o be 2*2 + 18 + -17. Let g be (-2)/o + 1083/95. Let k = g + -9. What is the greatest common factor of k and 10?
2
Let c = -130 - -182. Let s be 24*(9/5 - c/390). Calculate the greatest common divisor of s and 360.
40
Let b = -157 + 343. Suppose -200 = -3*f + 4*h, 3*f + 4*h - b = h. Calculate the highest common divisor of f and 16.
16
Let v be -3 + ((-6)/(-36) - 46/(-12)). Let m be (-2 - 1) + -6 + v + 29. Calculate the highest common factor of m and 147.
21
Let t be (12 - 16 - -3)*(-1 + -24). Let s(o) = o**2 - 13*o + 2. Let f = -22 - -38. Let k be s(f). What is the greatest common divisor of t and k?
25
Let c be 2*((-6 - -7) + 0). Suppose 0 = 4*j, -4*v + c*j = 3*j - 108. Calculate the greatest common factor of v and 243.
27
Suppose 154 = 5*h + 3*r + 30, 2*h - 3*r - 58 = 0. Let i = h - 8. Suppose j - 70 = i. Calculate the highest common divisor of j and 11.
11
Let t(i) = 198*i - 4138. Let x be t(21). What is the greatest common divisor of x and 31330?
10
Suppose 2 = 5*u - 3, 5*u = y - 5. Suppose -50 = -w + 5*z, -y*z + 5*z = w. Suppose b - 143 = 57. Calculate the highest common divisor of b and w.
25
Suppose -14*z + 4147 = -z. Let y = 14 - -15. Calculate the greatest common factor of z and y.
29
Suppose -5*z + 71*y - 74*y + 332 = 0, 8 = 2*y. Calculate the greatest common divisor of z and 92.
4
Suppose 4*n + 20 = 3*x - 11, -3*x = 3*n - 3. Let g be 156/n*(0 - 25). What is the greatest common factor of 39 and g?
39
Suppose -4*r + u = -4*u - 8306, 6228 = 3*r - 3*u. What is the greatest common factor of r and 272?
34
Let b be 2 - (-251 + -6) - 5. Let h = -219 + b. Calculate the highest common factor of h and 35.
35
Let r be -1 + -2 + 5 + 1. Suppose -r*u = -0 - 45. Suppose -327 = -3*d - 2*h, -102*d + 2*h = -3978 - 6720. What is the highest common divisor of u and d?
15
Let x be 2495 - (4/6)/((-12)/(-36) - 1). What is the highest common factor of x and 117?
39
Let b = 9596 + -4604. What is the highest common divisor of 256 and b?
128
Suppose -12*r - 14995 = -17767. What is the highest common factor of 1029 and r?
21
Let r be ((-4)/(36/(-159)))/(9/27). Suppose -33 + r = 2*b. Calculate the highest common divisor of 25 and b.
5
Suppose -3175 = 115*g - 120*g. Suppose -5*n + g = k, -3*n + k + 10 + 379 = 0. Calculate the highest common factor of n and 32.
32
Suppose -12*v + 7449 + 4898 + 3253 = 0. Calculate the greatest common factor of v and 312.
52
Suppose -2*t - 224 = -25*s + 24*s, 2*s + 4*t - 464 = 0. What is the highest common factor of 1311 and s?
57
Let d be 0 + 8/4 + -2. Suppose -3*h + 15 = -d*h. Suppose 6*i + h*i = 22. What is the greatest common factor of 22 and i?
2
Let c = -256 + 306. Let l be (-2 - 1)/((-163)/40 - -4). What is the highest common divisor of l and c?
10
Let f be (63/4)/(3/8). Suppose 846 = -4*y + 7*y. Let c be y/14 + (-6)/f. Calculate the greatest common factor of c and 5.
5
Suppose -z + 136 = -2*b, 16*z - 725 = 11*z - 5*b. Suppose z*u - 648 = 136*u. What is the greatest common factor of u and 27?
27
Let o = 13 - 8. Let f(j) = 48*j - 566. Let i be f(12). Suppose 0 = -o*c - k + 102, c - 20 = -5*k + i. Calculate the highest common divisor of 4 and c.
4
Suppose 3*s - 107 = -35. Let y be (-819)/(-45) - (2/6 - (-98)/(-735)). Calculate the highest common factor of s and y.
6
Suppose 71*i - 2559 + 642 = 0. Calculate the highest common divisor of i and 12.
3
Let d(y) = -y**3 + 95*y**2 + 1161*y - 3. Let j be d(-11). Calculate the highest common factor of j and 819.
13
Let w(b) be the first derivative of b**3/3 - 33*b**2/2 + 47*b - 106. Let o be w(32). Calculate the greatest common factor of 255 and o.
15
Let c = -9283 + 9329. What is the highest common divisor of c and 8234?
46
Let c be (-2)/10*-36*(-4290)/(-1287). Let j be (-2)/(4/(-3))*232. Calculate the highest common divisor of j and c.
12
Suppose 204 = 125*t - 119*t. Suppose -5*g = 3*g - 272. Calculate the highest common factor of t and g.
34
Let m(g) = -2*g**3 - 12*g**2 - 40*g - 87. Let a be m(-6). Calculate the highest common factor of a and 36.
9
Let j(d) = d**3 + 2*d**2 - d + 107. Let g be j(0). Suppose -81 + g = -y. Let h = -21 - y. What is the highest common factor of h and 15?
5
Let n be (217/(-35) + 8)/(3/10). Let o be 